60013 = -6*m + 5*m, 4*m - 5*n - 1840052 = 0. Is m a composite number?
False
Suppose -5*l + 5225 + 2270 = 0. Suppose -4*r + 969 = -l. Let g = 1158 - r. Is g prime?
True
Is (-350886)/(-12) + (-9)/(-24)*4 a composite number?
True
Let o(t) = 6*t**3 + 12*t**2 + 20*t - 97. Let s be o(5). Let h = -1238 + 738. Let d = s + h. Is d a prime number?
False
Suppose -2*g - 2532 + 48238 = 2*r, r = -3*g + 22853. Is r composite?
False
Let n(j) = 814*j**2 + 141*j + 4. Is n(5) prime?
True
Let v = -5792 - -7215. Is v composite?
False
Let n(p) be the second derivative of -p**5/10 - 35*p**4/6 - 10*p**3/3 - 13*p**2/2 + 8*p - 1. Is n(-36) a prime number?
True
Let m = 304 + -464. Let o be (-31)/(2*5/m). Let v = -79 + o. Is v a composite number?
True
Let j(t) = -t**3 + t**2 - t - 1. Let n = -56 + 52. Let c(g) = -20*g**3 - g**2 + 2*g + 2. Let f(z) = n*j(z) + c(z). Is f(-5) a prime number?
False
Let f(u) = -194*u - 201. Let q be f(-28). Let r = 14230 - q. Is r a prime number?
True
Let r(t) = -2*t**2 - 172 + 5*t**2 - t**2 + 190 - 12*t. Let w be r(9). Suppose 647 = 73*p - w*p. Is p a prime number?
True
Suppose 10091 = 3*w - 4*j, -4*j - 18203 = -4*w - 4755. Is 6/14*w - 2/(-7) prime?
True
Suppose -4*g + 16 = 0, -5*m + m - 2*g + 96 = 0. Let y = -26 + 50. Suppose y*b - m*b = 1382. Is b composite?
False
Suppose -280*n - 7*l - 7789 = -281*n, -l = -4*n + 31264. Is n prime?
True
Let i(t) = -1275*t + 53. Suppose -31*k - 128 = 213. Is i(k) a composite number?
True
Let h(z) = -z**3 - 7*z**2 + 38*z - 29. Let q = -194 - -179. Is h(q) a prime number?
True
Suppose 3*l - 8113 = 6836. Let u = 2 - 2. Suppose -1583 + l = 4*i - 2*h, 2*i - 3*h - 1696 = u. Is i composite?
True
Suppose 37 - 41 = -2*x. Suppose 2*k = 5*i + 967, -4*i = -x*k + 3*k - 477. Let c = k + 438. Is c composite?
False
Let x(i) = -6*i**3 + 20*i**2 + 48*i - 1. Is x(-8) prime?
True
Let z(v) be the first derivative of -v**3/3 - 3*v**2/2 + 751*v + 2. Suppose 0 = 2*i + 3*k + 6, 3*k - 48 = -i - 54. Is z(i) composite?
False
Suppose -2302508 = -z + 17*t - 20*t, -5*z + 3*t + 11512594 = 0. Is z/77 + 2 - (-6)/33 a composite number?
True
Let o = 1218 + -634. Let j = o - -253. Suppose -s + j = 304. Is s prime?
False
Let g = -4415 + 11808. Is g prime?
True
Suppose 0 = 3*q - 3*r - 58557, r + 24293 + 34254 = 3*q. Let k = q + -2349. Is k a prime number?
False
Let r = 1631128 - 969954. Is r composite?
True
Suppose -2*r + 646 = 30. Let v(i) = -i**3 + 1045. Let g be v(0). Let f = g - r. Is f a composite number?
True
Let x = -1240 + 772. Let o(c) = 3*c**3 + 3*c**2 - 14*c + 7. Let p be o(6). Let b = p + x. Is b composite?
False
Let a(u) = -14*u + 511. Let b be a(52). Let g = -367 + 572. Let m = g - b. Is m a composite number?
True
Suppose -h = -9 + 2. Suppose -n + 2102 = 2*k, 4*k = -4*n + h*n + 4184. Is k composite?
False
Suppose 0 = -o - 2*o + z + 10041, 2*o + 4*z - 6680 = 0. Let f = o - 1535. Is f a composite number?
False
Suppose -h + 18*u - 22*u + 2817457 = 0, -2817439 = -h - 2*u. Is h prime?
True
Let j = -29 - -204. Let s(x) = 5*x**2 + 3*x + 2. Let m be s(2). Let v = j + m. Is v a prime number?
False
Let p = -172603 - -563814. Is p a composite number?
True
Let f = -60 + 60. Suppose -4*c = -2*o + 648, -c - 165 = -f*o - 2*o. Let h = c + 632. Is h a composite number?
True
Let o(p) = 3786*p + 17. Suppose -3*t = -4*t + 3*z + 21, z = t - 11. Is o(t) a prime number?
False
Suppose -31 = -4*n + v, 0*v + 3*v + 23 = 2*n. Suppose 0*o = -n*o - 15540. Let h = -1487 - o. Is h a prime number?
True
Suppose -6*w = z - 10*w - 219145, 0 = 2*w - 2. Is z a prime number?
False
Let c(w) = -13*w + 13*w**2 + 0*w**3 + 4*w**3 + 2*w**3 + 5 - 5*w**3. Let z be c(-13). Let q = 829 - z. Is q a prime number?
False
Suppose -3*x = -6*x + 288. Suppose -x*h = -102*h + 65406. Is h prime?
False
Let t(s) = 4*s**3 + 40*s**2 + 23*s + 21. Let p(k) = -2*k**3 - 20*k**2 - 11*k - 10. Let q(d) = 13*p(d) + 6*t(d). Is q(-17) prime?
True
Suppose -6117 - 2222 = 2*n - 3*b, 5*n - 2*b + 20853 = 0. Let j = n - -8488. Is j composite?
True
Let x(z) = 18*z**3 + z**2 - z + 1. Let o be x(1). Suppose 0 = 5*m + 10, -3*a + o = m - 16947. Let y = a - 2899. Is y a composite number?
True
Let u = -23 - -26. Let j be 455 - (-1 - -4) - 0. Suppose -55 = -u*z + j. Is z a prime number?
False
Suppose 0 = -10*x - x - 85107. Is (7/42*-4)/(2/x) a composite number?
False
Let n be 0*(-8)/120*2/4. Suppose n = 4*y + 4*i - 45604, -3*y - 2*i + 15084 + 19119 = 0. Is y composite?
True
Suppose 4718*h - 4632*h - 7009774 = 0. Is h a composite number?
False
Let x(r) = 4 + 3*r + 7*r + 1. Suppose 42*p = 39*p + 3. Is x(p) prime?
False
Suppose -49*q + 3250370 + 1679765 = 0. Is q a composite number?
True
Suppose 5*f - 118316 = -o, -118312 = -28*f + 23*f + 3*o. Is f a prime number?
True
Suppose -3*t + 708481 = -2*b + 3*b, -5*b + 236137 = t. Is t a composite number?
True
Suppose 0 = 6*z - 170 - 196. Suppose 3*w = z - 16. Suppose -w*q = -13*q - 2426. Is q composite?
False
Suppose 3*f = 4*u + 428, u = -f + 60 + 85. Suppose 7*w - w - f = 0. Is 1614/4 - w/48 a prime number?
False
Let q(h) = 3*h + 25. Let n be q(-9). Let v be (-1)/(n + (-5)/(20/(-6))). Suppose -5*d = v*t - 1375, -d + 2211 - 155 = 3*t. Is t prime?
False
Let o(l) be the first derivative of -l**4/4 + 22*l**3/3 + l**2/2 - 22*l - 5. Let f be o(22). Suppose -269 = -p - f*p. Is p prime?
True
Let n be 3139*2*(-4)/(-4). Suppose -h + 2810 = -x, -3*h - x + n = -2156. Is h a prime number?
False
Let n be 18*(-30)/(-80) + (-3)/4. Is 3/n + 4491/6 a prime number?
False
Let y be (-71145)/(-75) - (32/(-20))/4. Suppose -4*f = -6*f - 6, 3*n + 5*f + 3 = 0. Suppose -2*k + 3*a + y = 0, n*k - 1431 = k + 2*a. Is k composite?
False
Suppose -9*v - 22*v + 5825995 = 4*v. Is v a composite number?
False
Let z(a) = a**2 - 8*a + 17. Let p be z(7). Suppose -p = -21*b + 19*b. Suppose -b*k + 11804 = -k. Is k composite?
True
Let z(g) = -g**3 - 4*g**2 + g + 5. Let s be z(-4). Suppose 92*m - 48*m = 5354 - 250. Is s*m*(-6)/((-192)/184) a composite number?
True
Let k(u) = 59*u**3 - u**2 + 42*u - 183. Is k(5) a composite number?
True
Suppose -2*y + 2*c + 14 = 0, -2*c - 4 = -15*y + 18*y. Let h(t) = -t**2 + 6*t + 4. Let g be h(6). Is y/g - (15156/8)/(-9) prime?
True
Suppose -12*z + 715402 = 91750. Is z prime?
True
Let u = 2 - -2. Suppose u*o - 14749 = 5*z, -z = 2*o - 0*o - 7385. Is o a prime number?
True
Suppose 2*m + 2*m = 91238 - 6882. Is m a composite number?
False
Suppose -g + 3*g - 12 = 5*s, -4 = 2*s - g. Let c be s/(8/33)*(-136)/6. Let b = 1141 - c. Is b a composite number?
True
Suppose 115*q - 2087878 = 89*q. Is q a composite number?
True
Suppose 7 = 4*s - 5. Suppose -2*j - 4*h = -127 - 189, s*j - 2*h = 490. Let w = -104 + j. Is w composite?
True
Let a = -2 + 14. Suppose -24183 = -a*k + 20973. Is k composite?
True
Suppose 3*w - 5*w + 16800 = -3214. Is w a composite number?
False
Let a = -382 + 384. Suppose -a*i = -d - 3*d + 48890, 4*i = 2*d - 24442. Is d a prime number?
False
Is (-5)/(5/(-575468)) - (-24 - (6 + -25)) composite?
False
Let m = 48066 - 22835. Is m a composite number?
True
Suppose -3*t = -21*z + 22*z - 572987, -5*t = -5*z - 955005. Is t prime?
True
Let i(b) be the first derivative of -227*b**2/2 - 134*b + 148. Is i(-23) a composite number?
False
Let c(i) = i**2 - 20*i + 42. Let w be c(18). Suppose 5*o = -2*l + 6367, -l = -w*o + 11*o - 3176. Is l a composite number?
False
Suppose 0 = -374*l + 371*l - 540. Let z = 371 + l. Is z prime?
True
Let j(u) = 735*u**2 - 41*u - 5. Is j(-3) prime?
True
Let a be 1 - (-7 - (5 + -13)). Suppose 2*q - 6*c = -c + 3016, a = q + 5*c - 1523. Is q composite?
True
Let a(i) = -36*i**3 - 28*i**2 - 207*i + 3. Is a(-8) a composite number?
True
Let a be (-2)/6 + (-8852)/12. Let j be (105/63)/((-2)/a). Suppose -7*w + j = -4*w. Is w a prime number?
False
Let g = 6691 - 3902. Is g composite?
False
Let v(a) = -6*a**2 + 2*a - 3. Let d(b) = -13*b**2 + 5*b - 7. Let x(f) = -4*d(f) + 9*v(f). Let m be x(1). Is 1145 + (-6)/m*-2 a composite number?
True
Suppose -73*g + 37*g = -22*g - 3049858. Is g composite?
True
Suppose 0 = 7*g + 162 + 55. Let x = g + 69. Let i = 793 + x. Is i a composite number?
True
Suppose -3085048 = -21*b + 3446519. Is b composite?
False
Suppose 0 = 45*x + 867045 - 5266650. Is x prime?
False
Suppose -2*l = l + 18768. Let n = l - -3650. Let q = 4015 + n. Is q prime